vert 683653 (base 9) to base 5.
101101003
Convert 12a9b2 (base 12) to base 14.
80886
What is -3383763 (base 11) in base 13?
-12c36ab
Convert 4995a (base 16) to base 9.
508401
What is -166616 (base 8) in base 12?
-2b23a
-33df90 (base 16) to base 7
-40616164
Convert -9d29f (base 16) to base 5.
-131044433
What is 1032200113 (base 5) in base 4?
20133032021
What is d6a1e4 (base 15) in base 10?
10209814
Convert 10012212022021 (base 3) to base 5.
414202403
Convert -1100010110000001010011 (base 2) to base 7.
-36335115
What is 10206866 (base 9) in base 7?
56462433
-8e53 (base 16) to base 6
-440403
What is -8378470 (base 9) in base 4?
-101011330311
-49157 (base 12) to base 5
-11124312
Convert -3221343 (base 5) to base 9.
-82804
Convert 34512260 (base 7) to base 4.
23203120013
9828 (base 15) to base 11
22225
What is -202210223 (base 5) in base 13?
-228c99
-bf4c (base 16) to base 8
-137514
-1004152 (base 6) to base 3
-2102021112
-541123022 (base 6) to base 3
-200000111010112
1110100111000100110 (base 2) to base 6
14132250
What is -221103 (base 5) in base 15?
-2403
-10011121012011 (base 3) to base 11
-a5094a
What is 90a00 (base 15) in base 14?
bcc15
-1354223 (base 8) to base 9
-643482
-25b7570 (base 13) to base 4
-231022300321
What is -98bcc (base 14) in base 16?
-5a570
What is -10100654 (base 7) in base 15?
-119158
What is 13446 (base 8) in base 6?
43234
What is -20560 (base 11) in base 10?
-29953
Convert 1797513 (base 12) to base 4.
102302330133
What is 420312123 (base 5) in base 9?
3224713
-307678 (base 12) to base 10
-759548
Convert 30777 (base 8) to base 13.
5a97
What is ba538 (base 13) in base 4?
1102102021
d07705 (base 14) to base 4
122233333021
c288 (base 13) to base 3
1100210010
12146165 (base 8) to base 7
31504165
-1002102011002 (base 3) to base 12
-23b048
-2403042432 (base 5) to base 8
-25032234
1222120012 (base 4) to base 8
1523006
-1012112001122 (base 3) to base 6
-21415242
350514545 (base 6) to base 15
87ee02
What is 14350661 (base 7) in base 14?
2746d8
Convert -1010110111100011010000 (base 2) to base 16.
-2b78d0
What is 1120586 (base 9) in base 16?
937bf
1bb21 (base 16) to base 7
651506
166c0b (base 13) to base 10
557880
67b765 (base 12) to base 5
411030422
What is -11001303230 (base 4) in base 6?
-44130232
104465656 (base 7) to base 12
2148a61
-6dd42 (base 15) to base 3
-122210221122
-11a4571 (base 15) to base 6
-1131325541
-115c3a (base 16) to base 12
-46a4a2
Convert -33360235 (base 7) to base 9.
-5382274
What is 108238 (base 9) in base 4?
33320312
Convert b6314 (base 14) to base 9.
740065
-21110002 (base 4) to base 15
-b481
What is 101001111001001 (base 2) in base 7?
116351
-330736 (base 10) to base 3
-121210200111
-458b5 (base 16) to base 5
-33103403
Convert -1010111001010010101000 (base 2) to base 15.
-3b63be
d5529 (base 14) to base 9
863242
-a2aa20 (base 11) to base 12
-679452
Convert -703b5 (base 14) to base 5.
-32112114
-36801 (base 15) to base 10
-173926
Convert -c262c (base 15) to base 4.
-2112103122
Convert 4020441143 (base 5) to base 14.
10bb843
68733 (base 11) to base 14
28305
Convert 1000101001110111000 (base 2) to base 8.
1051670
Convert 2a87801 (base 13) to base 15.
12dd1b3
20ddb5 (base 16) to base 6
114055445
-5d348 (base 14) to base 6
-4521232
What is -151118 (base 10) in base 8?
-447116
3170115 (base 11) to base 8
25217166
Convert 101001101100100100111000 (base 2) to base 7.
161623212
-80d423 (base 16) to base 9
-16787446
What is -101001011101011101 (base 2) in base 11?
-106653
What is -8fa7c (base 16) in base 5?
-122312122
Convert 667440 (base 8) to base 6.
4453532
What is -11100100101011110111 (base 2) in base 4?
-3210223313
5561260 (base 7) to base 2
10100111110001000001
Convert -36333a (base 13) to base 9.
-2378741
What is -514851 (base 9) in base 4?
-1022210020
1b070 (base 13) to base 2
1100111001010011
Convert -330a16 (base 13) to base 4.
-10211101313
What is -809707 (base 12) in base 5?
-1003212343
Convert 19704 (base 16) to base 12.
50370
Convert 1475314 (base 9) to base 2.
11000111100100111001
61306434 (base 8) to base 11
7343072
What is 445306 (base 9) in base 15?
53da9
What is 34601513 (base 7) in base 6?
145114225
-600271 (base 8) to base 7
-1446512
Convert 76c4b (base 13) to base 9.
357171
What is b4143 (base 16) in base 9?
1343718
-118634 (base 15) to base 4
-3030223333
Convert -20113213 (base 4) to base 2.
-1000010111100111
What is -534aa (base 16) in base 5?
-41404122
What is 1110334 (base 5) in base 16?
4c0d
Convert -44514453 (base 6) to base 3.
-2112110112120
Convert c955a (base 16) to base 3.
1112220020012
1001011111011101010 (base 2) to base 13
ab746
Convert -102112001012020 (base 3) to base 14.
-b5521d
-916c8 (base 13) to base 5
-31313144
What is 22002340 (base 5) in base 11?
119149
What is -4b110 (base 14) in base 4?
-230323322
What is -1443130433 (base 5) in base 15?
-5199e8
7269e (base 15) to base 12
155a28
-11443645 (base 7) to base 5
-230110010
What is -30255 (base 10) in base 7?
-154131
Convert -113184 (base 11) to base 7.
-1346325
What is -100020002011 (base 3) in base 5?
-21302304
Convert -54281 (base 9) to base 5.
-2122311
Convert -20854 (base 14) to base 6.
-1403150
Convert -647278 (base 9) to base 4.
-1132031102
Convert 901371 (base 15) to base 5.
3222313111
Convert -100011100000010000100010 (base 2) to base 5.
-4340312140
-4201554 (base 7) to base 13
-148a28
-4144101001 (base 5) to base 14
-11d5476
What is 10000010000110001011100 (base 2) in base 6?
231212044
What is -153113252 (base 6) in base 13?
-890a05
What is 2107760 (base 9) in base 11?
700251
Convert -1cac267 (base 14) to base 5.
-12141312440
Convert -7754653 (base 8) to base 5.
-1013243324
What is 301001302331 (base 4) in base 10?
12852413
What is 1abc85 (base 14) in base 15?
13ccc7
Convert 1100011100010000110 (base 2) to base 14.
a8806
110000110001000100 (base 2) to base 5
22342443
Convert -70370 (base 13) to base 12.
-98065
Convert 2954189 (base 11) to base 2.
10011010110000111100000
16740 (base 14) to base 9
85214
2101021101022 (base 3) to base 10
1265093
-2033313221 (base 4) to base 7
-5003021
Convert -2036123 (base 8) to base 13.
-15b88a
What is -2202221202222 (base 3) in base 11?
-918492
What is -2145828 (base 11) in base 9?
-7076002
Convert 475374 (base 15) to base 3.
20102020000001
What is -32331110303 (base 4) in base 11?
-2239070
What is -3e305 (base 16) in base 6?
-5243141
What is -230302202 (base 4) in base 8?
-546242
57a50 (base 12) to base 7
665625
What is 354a73 (base 11) in base 10?
562972
Convert 1a58472 (base 12) to base 6.
315511022
Convert 1123202203 (base 4) to base 2.
1011011100010100011
Convert -9b427 (base 13) to base 6.
-10013113
101322424 (base 5) to base 3
210012100022
1010220021121 (base 3) to base 16
947bf
18766406 (base 9) to base 5
4412220120
What is 100010100101111001 (base 2) in base 6?
3011545
What is 2210100112101 (base 3) in base 14?
2a8730
-92d67 (base 14) to base 15
-6ecb6
Convert 1310004333 (base 5) to base 6.
152400010
-140286 (base 13) to base 2
-1110110101001100001
Convert 22012220201 (base 3) to base 7.
1242436
Convert -294b5 (base 14) to base 15.
-20566
-111101234 (base 5) to base 15
-9977e
Convert -2b4921 (base 15) to base 14.
-3c6141
325553313 (base 7) to base 6
1540401320
What is -10011442 (base 6) in base 5?
-33002433
-10000101100101111000010 (base 2) to base 14
-81d454
What is -465205 (base 7) in base 2?
-10100010111111100
What is 166566243 (base 7) in base 13?
25011a2
Convert -101011100001011001110011 (base 2) to base 11.
-6492839
What is -a1a583 (base 15) in base 10?
-7679373
What is 268707 (base 9) in base 12?
7a9ba
Convert -12110221 (base 3) to base 6.
-30254
Convert -2121554 (base 8) to base 16.
-8a36c
What is 1510124 (base 7) in base 6?
4213052
Convert 69318 (base 10) to base 16.
10ec6
What is -206a4 (base 14) in base 4?
-103011020
What is -104021322 (base 5) in base 3?
-212002120120
What is 2357014 (base 10) in base 12?
95801a
What is 4ea324 (base 15) in base 10?
3780709
-11123503 (base 7) to base 2
-11101011010111101110
-427b70 (base 16) to base 11
-2506508
What is 3914800 (base 10) in base 12?
1389614
1151531 (base 6) to base 2
1110111110001111
What is 1022032102 (base 4) in base 7?
2404231
42361321 (base 8) to base 6
521403345
313433 (base 9) to base 15
3a2b9
20305433 (